663 and 620.
31
What is the highest common factor of 81 and 7916346?
27
Calculate the highest common divisor of 9756 and 443.
1
Calculate the highest common divisor of 1696851 and 2860.
13
Calculate the greatest common divisor of 13107576 and 96.
24
Calculate the highest common factor of 42160 and 2196080.
80
What is the greatest common factor of 286502580 and 90?
90
Calculate the greatest common factor of 342 and 4425282.
18
What is the highest common factor of 136219 and 72316?
179
Calculate the highest common divisor of 83660 and 105910.
890
Calculate the highest common divisor of 3504 and 6192.
48
What is the highest common divisor of 9714470 and 70?
10
What is the highest common divisor of 11828791 and 4901?
13
What is the highest common factor of 19095902 and 630?
14
Calculate the highest common divisor of 7136476 and 3952.
76
Calculate the greatest common factor of 6853142 and 119314.
706
Calculate the highest common factor of 59826317 and 3521.
503
What is the greatest common divisor of 1069305 and 2715?
15
Calculate the highest common factor of 224880239 and 9976.
1247
Calculate the highest common divisor of 6072 and 65623002.
138
What is the highest common factor of 4518 and 280126542?
1506
What is the highest common factor of 12289 and 641?
1
Calculate the greatest common factor of 437376 and 174736.
1072
What is the greatest common divisor of 128 and 12429236?
4
What is the greatest common factor of 1080482 and 39962?
754
What is the greatest common factor of 86330 and 4435760?
890
Calculate the greatest common factor of 52 and 12641070.
26
Calculate the greatest common divisor of 1156 and 3452292.
68
Calculate the highest common divisor of 8892 and 10151208.
36
Calculate the greatest common divisor of 126761230 and 9740.
4870
What is the highest common divisor of 422338799 and 73?
73
Calculate the greatest common factor of 121920 and 49692.
12
Calculate the greatest common divisor of 176 and 15046736.
16
Calculate the greatest common factor of 512 and 14859920.
16
What is the greatest common factor of 23609016 and 32712?
696
What is the highest common divisor of 1832604 and 9132?
12
What is the highest common factor of 16072 and 733662692?
8036
What is the highest common factor of 511772955 and 30?
15
Calculate the greatest common factor of 7740067 and 424.
53
Calculate the greatest common divisor of 779380 and 108996.
1172
Calculate the greatest common divisor of 3180 and 94330.
10
What is the highest common factor of 2997302 and 14?
14
What is the highest common divisor of 358539 and 177?
3
What is the greatest common divisor of 49489698 and 92?
46
What is the highest common factor of 79318019 and 33?
11
What is the highest common factor of 1304564356 and 1436?
1436
What is the greatest common factor of 2236 and 39016996?
172
What is the highest common factor of 20614 and 443169142?
1874
Calculate the greatest common factor of 1164 and 81948.
12
Calculate the greatest common divisor of 2924252 and 69106.
218
What is the greatest common divisor of 11928 and 164920504?
3976
Calculate the highest common factor of 9756 and 106983.
9
What is the highest common divisor of 127239927 and 1713?
1713
What is the highest common divisor of 21394 and 1230718?
1126
Calculate the highest common divisor of 40389566 and 25095.
1673
Calculate the highest common divisor of 41681450 and 1700.
850
What is the greatest common factor of 551436 and 669?
3
What is the greatest common factor of 4015960 and 7020?
260
Calculate the greatest common factor of 20430 and 19390340.
2270
What is the highest common divisor of 15554 and 24226466?
2222
What is the highest common divisor of 7682038 and 26572?
182
Calculate the greatest common divisor of 7190207500 and 14.
14
What is the greatest common divisor of 272844 and 17046549?
6201
What is the greatest common factor of 390 and 8412274?
26
What is the greatest common factor of 1188 and 1483866?
54
Calculate the highest common factor of 6000 and 39573000.
3000
Calculate the greatest common divisor of 1011852 and 18937872.
12492
What is the highest common divisor of 259411969 and 3049?
3049
What is the greatest common factor of 9041688 and 5340?
1068
Calculate the greatest common factor of 5824 and 17789824.
832
Calculate the greatest common divisor of 271618336 and 8800.
352
What is the highest common divisor of 33815 and 8735?
5
Calculate the greatest common factor of 29682432 and 1152.
1152
What is the highest common factor of 3 and 975019?
1
What is the greatest common divisor of 27520037 and 76?
19
What is the greatest common divisor of 1752864 and 1368?
456
What is the highest common factor of 76160 and 597040?
1360
What is the greatest common divisor of 19994 and 15262?
26
What is the highest common divisor of 142994 and 180836?
106
Calculate the highest common divisor of 6349525 and 182.
91
What is the greatest common factor of 352438 and 6193?
563
Calculate the greatest common factor of 84199 and 2529.
1
Calculate the highest common divisor of 5904 and 137637.
369
What is the greatest common factor of 181624 and 5840?
584
What is the highest common divisor of 22185 and 1659525?
435
What is the greatest common factor of 6237 and 2159619?
231
Calculate the highest common divisor of 684 and 10536184.
76
What is the greatest common factor of 1008 and 269013612?
84
Calculate the highest common factor of 187718454 and 868.
434
Calculate the greatest common divisor of 132202 and 6772094.
1862
What is the highest common divisor of 592 and 20381968?
592
What is the greatest common divisor of 10150 and 9408350?
350
Calculate the greatest common factor of 70 and 17750000.
10
Calculate the greatest common factor of 76 and 3233591.
19
What is the highest common divisor of 63878014 and 482?
482
Calculate the highest common divisor of 1 and 223269107.
1
Calculate the highest common divisor of 185800 and 5580.
20
Calculate the greatest common factor of 1285 and 61203265.
1285
What is the greatest common divisor of 29309 and 17101?
7
What is the greatest common divisor of 86789340 and 15444?
1188
What is the greatest common divisor of 47 and 168964013?
47
What is the greatest common divisor of 3240 and 1457280?
360
What is the highest common factor of 20677437 and 2018?
1009
What is the greatest common divisor of 549052 and 462?
14
Calculate the highest common divisor of 2380 and 3316955.
85
Calculate the greatest common divisor of 11786922 and 243250.
1946
What is the greatest common divisor of 2602012 and 365?
73
What is the greatest common factor of 48309475 and 625?
25
What is the highest common factor of 154857738 and 1470?
294
What is the greatest common divisor of 4792767 and 25305?
5061
Calculate the greatest common factor of 53514 and 958297.
991
Calculate the highest common factor of 312 and 6966102.
78
Calculate the highest common divisor of 45 and 618248685.
15
What is the highest common divisor of 133 and 3720162?
19
Calculate the highest common factor of 29159 and 27677.
13
What is the highest common factor of 26827 and 4007259?
193
Calculate the highest common factor of 397873 and 637.
7
What is the greatest common divisor of 21389073 and 145050?
2901
Calculate the greatest common factor of 72124 and 3434212.
5548
What is the greatest common factor of 916212 and 87747?
33
What is the highest common divisor of 12992 and 14144704?
448
Calculate the highest common factor of 6 and 2291280.
6
Calculate the greatest common factor of 324 and 5299680.
12
Calculate the greatest common factor of 3082888 and 216.
8
What is the greatest common divisor of 93723 and 3192?
21
What is the highest common factor of 6719695 and 5?
5
What is the greatest common factor of 546 and 15303756?
78
What is the greatest common factor of 5478948 and 371853?
4707
What is the greatest common divisor of 20735 and 965315?
65
What is the highest common factor of 4 and 3109146?
2
Calculate the greatest common divisor of 26402 and 4453342.
614
What is the highest common factor of 104764526 and 1642?
1642
Calculate the highest common factor of 17375 and 5388613.
139
Calculate the greatest common divisor of 5152 and 230684664.
1288
What is the greatest common factor of 2534 and 1867348?
14
Calculate the highest common divisor of 2639 and